{"id":2395,"date":"2016-07-18T09:25:44","date_gmt":"2016-07-18T07:25:44","guid":{"rendered":"http:\/\/88aucsmalp.it\/?page_id=2395"},"modified":"2019-02-13T19:10:26","modified_gmt":"2019-02-13T18:10:26","slug":"larrivo-ad-aosta","status":"publish","type":"page","link":"https:\/\/88aucsmalp.it\/?page_id=2395","title":{"rendered":"arrivo ad Aosta"},"content":{"rendered":"<p>Danilo Manieri (&#8230; poi finito a San Candido &#8230;)<br \/>\nAnche io avevo 24 anni ed ero in montagna con gli amici e la mia ragazza, sul Latemar. Dopo alcuni giorni di bivacco selvaggio giunsi ad un telefono pubblico (i telefonini ovviamente non c\u2019erano) e chiamai mia madre per dirle che tutto andava bene. La sentii molto agitata e mi disse che era arrivata la cartolina e avrei dovuto presentarmi entro due giorni alle 8,30 alla caserma Cesare Battisti di Aosta. Rimasi molto stupito perch\u00e9 neanche pi\u00f9 mi ricordavo del concorso. Salutai tutti e mi misi subito in viaggio. Ricordo che per il timore di arrivare tardi viaggiai di notte, cos\u00ec arrivai talmente in anticipo che dovetti dormire su una panchina alla stazione.<br \/>\nNon scrivo quasi mai, non vengo ai raduni ma vi ho sempre nel cuore e vi leggo sempre.<br \/>\nVi abbraccio tutti.<\/p>\n<p>Giovanni Di Nardo<br \/>\nAvevo 25 anni quando, fresco di laurea del giorno prima, sono entrato in caserma e mi sono accorto che la laurea serviva a ben poco visto che non riuscivo a cucire sul cappello l\u2019aquila che non voleva saperne di stare dritta.<br \/>\nStasera un doppio brindisi a tutti i ragazzi dell\u201988\u00b0 corso, da Milano con tanto affetto ed immensa nostalgia.<\/p>\n<p>Mario Sacchetto<br \/>\nAvevo 25 anni, non ero mai stato in montagna, non ricordo niente del mio arrivo in caserma (primi sintomi&#8230;.), mi sono rimasti per\u00f2 tanti ricordi legati ad un gruppo di persone in gamba,&nbsp;con cui ho trascorso sei mesi intensi e formativi:<br \/>\nGrazie ragazzi, un abbraccio a tutti e&#8230; SEMPRE AVANTI.<\/p>\n<p>Aldo Scotti<br \/>\nMi sa che ero il pi\u00f9 giovane, di anni ne avevo 19 e di quel giorno ho un ricordo confuso, un misto tra paura ed orgoglio di essere l\u00ec.<br \/>\nVi abbraccio tutti. Viva l&#8217;88\u00b0 AUC.<\/p>\n<p>Guglielmo Rodaro<br \/>\nAvevo 24 anni, capelli lunghi fino alle spalle, la barba incolta, non ero mai stato in montagna. Pap\u00e0 Marcel era la consolazione. Poi ho trovato tanti ragazzi per bene&#8230;&#8230;&#8230;. E siamo ancora qui.<br \/>\nUn abbraccio ad ognuno e grazie. W l&#8217;88\u00b0.<\/p>\n<p>Piero&nbsp;Torri<br \/>\nIl mio ricordo di quel 12 luglio \u00e8 nitidissimo (credo siano i primi sintomi dell\u2019alzheimer (che privilegia i ricordi lontani): entrammo in caserma in tre: Paolino Vegro, Bizzo ed io, poco dopo, in ordine sparso, Mauro Cova, Aldo Rao, Marco Varini, Luciano Mellia ed infine Luciano Oldano: camerata al completo.<br \/>\nBei tempi \u201cRAGAZZI\u201d!&nbsp; W l\u201988\u00b0.<\/p>\n<p>Paolo Francone<br \/>\nRicordo benissimo quel giorno: giovane, \u201cgrezzo\u201d e timido. Era forse la prima volta che mi affacciavo alla vita. Quanti amici ho trovato e che rivedo molto volentieri.<br \/>\nHo parlato spesso alle mie figlie di quell\u2019esperienza e sono orgoglioso di averla fatta.<br \/>\nUn abbraccio a tutti voi.<\/p>\n<p>Gianni Forno<br \/>\nIo sono arrivato il 18 luglio, perch\u00e8 c\u2019\u00e8 qualcuno che ha rinunciato.<br \/>\nSaluti a tutti.<\/p>\n<p>Luigi Gentili<br \/>\nIo ed Enzo De Biasi aspettammo le 23 per assaporare gli ultimi istanti di vita civile.<\/p>\n<p>Ivo Berniga<br \/>\n&#8230; all&#8217;epoca avevo 20 anni e per me si apriva un mondo nuovo.&nbsp;Ringrazio tutti voi per avermi dato la possibilit\u00e0 di vivere una indimenticabile esperienza alla Smalp.<br \/>\nMai tardi.<\/p>\n<p>Alessandro Antuzzi<br \/>\nAvevo 22 anni e sono arrivato ad Aosta con Mino Rancan, conosciuto in treno, ed anche noi due abbiamo aspettato l&#8217;ultimo minuto per entrare alla Cesare Battisti.<\/p>\n<p>Lorenzo Tiraboschi<br \/>\nIo sono arrivato alla Smalp il 15 luglio, un mese esatto prima di compiere 27 anni. Ricordo che viaggiai con Maurizio Gladiali con cui fraternizzai subito. Ero ormai un uomo fatto che gi\u00e0 lavorava e mi domandavo cosa ci facessi io che allevavo maiali in Abruzzo in quel posto. Da l\u00ec \u00e8 partito il periodo pi\u00f9 scanzonato e forse il pi\u00f9 bello della mia vita. Adesso che sono vecio e prigioniero del mio corpo per un male che mi affligge da 7 anni, ringrazio Dio per essere un ALPINO, il che mi consente di affrontare la cattiva sorte con calma e la serenit\u00e0 di chi sa che non &#8220;muore neanche se lo ammazzano&#8221;.<br \/>\nVi stringo in un abbraccio fraterno tutti.<\/p>\n","protected":false},"excerpt":{"rendered":"<p>Danilo Manieri (&#8230; poi finito a San Candido &#8230;) Anche io avevo 24 anni ed ero in montagna con gli amici e la mia ragazza, sul Latemar. Dopo alcuni giorni di bivacco selvaggio giunsi ad un telefono pubblico (i telefonini <span class=\"excerpt-dots\">&hellip;<\/span> <a class=\"more-link\" href=\"https:\/\/88aucsmalp.it\/?page_id=2395\"><span class=\"more-msg\">Continua a leggere &rarr;<\/span><\/a><\/p>\n","protected":false},"author":1,"featured_media":0,"parent":19,"menu_order":0,"comment_status":"closed","ping_status":"closed","template":"","meta":{"ngg_post_thumbnail":0,"footnotes":""},"class_list":["post-2395","page","type-page","status-publish","hentry"],"_links":{"self":[{"href":"https:\/\/88aucsmalp.it\/index.php?rest_route=\/wp\/v2\/pages\/2395","targetHints":{"allow":["GET"]}}],"collection":[{"href":"https:\/\/88aucsmalp.it\/index.php?rest_route=\/wp\/v2\/pages"}],"about":[{"href":"https:\/\/88aucsmalp.it\/index.php?rest_route=\/wp\/v2\/types\/page"}],"author":[{"embeddable":true,"href":"https:\/\/88aucsmalp.it\/index.php?rest_route=\/wp\/v2\/users\/1"}],"replies":[{"embeddable":true,"href":"https:\/\/88aucsmalp.it\/index.php?rest_route=%2Fwp%2Fv2%2Fcomments&post=2395"}],"version-history":[{"count":0,"href":"https:\/\/88aucsmalp.it\/index.php?rest_route=\/wp\/v2\/pages\/2395\/revisions"}],"up":[{"embeddable":true,"href":"https:\/\/88aucsmalp.it\/index.php?rest_route=\/wp\/v2\/pages\/19"}],"wp:attachment":[{"href":"https:\/\/88aucsmalp.it\/index.php?rest_route=%2Fwp%2Fv2%2Fmedia&parent=2395"}],"curies":[{"name":"wp","href":"https:\/\/api.w.org\/{rel}","templated":true}]}}

<p>Danilo Manieri (&#8230; poi finito a San Candido &#8230;)<br />
Anche io avevo 24 anni ed ero in montagna con gli amici e la mia ragazza, sul Latemar. Dopo alcuni giorni di bivacco selvaggio giunsi ad un telefono pubblico (i telefonini ovviamente non c’erano) e chiamai mia madre per dirle che tutto andava bene. La sentii molto agitata e mi disse che era arrivata la cartolina e avrei dovuto presentarmi entro due giorni alle 8,30 alla caserma Cesare Battisti di Aosta. Rimasi molto stupito perché neanche più mi ricordavo del concorso. Salutai tutti e mi misi subito in viaggio. Ricordo che per il timore di arrivare tardi viaggiai di notte, così arrivai talmente in anticipo che dovetti dormire su una panchina alla stazione.<br />
Non scrivo quasi mai, non vengo ai raduni ma vi ho sempre nel cuore e vi leggo sempre.<br />
Vi abbraccio tutti.</p>
<p>Giovanni Di Nardo<br />
Avevo 25 anni quando, fresco di laurea del giorno prima, sono entrato in caserma e mi sono accorto che la laurea serviva a ben poco visto che non riuscivo a cucire sul cappello l’aquila che non voleva saperne di stare dritta.<br />
Stasera un doppio brindisi a tutti i ragazzi dell’88° corso, da Milano con tanto affetto ed immensa nostalgia.</p>
<p>Mario Sacchetto<br />
Avevo 25 anni, non ero mai stato in montagna, non ricordo niente del mio arrivo in caserma (primi sintomi&#8230;.), mi sono rimasti però tanti ricordi legati ad un gruppo di persone in gamba,&nbsp;con cui ho trascorso sei mesi intensi e formativi:<br />
Grazie ragazzi, un abbraccio a tutti e&#8230; SEMPRE AVANTI.</p>
<p>Aldo Scotti<br />
Mi sa che ero il più giovane, di anni ne avevo 19 e di quel giorno ho un ricordo confuso, un misto tra paura ed orgoglio di essere lì.<br />
Vi abbraccio tutti. Viva l&#8217;88° AUC.</p>
<p>Guglielmo Rodaro<br />
Avevo 24 anni, capelli lunghi fino alle spalle, la barba incolta, non ero mai stato in montagna. Papà Marcel era la consolazione. Poi ho trovato tanti ragazzi per bene&#8230;&#8230;&#8230;. E siamo ancora qui.<br />
Un abbraccio ad ognuno e grazie. W l&#8217;88°.</p>
<p>Piero&nbsp;Torri<br />
Il mio ricordo di quel 12 luglio è nitidissimo (credo siano i primi sintomi dell’alzheimer (che privilegia i ricordi lontani): entrammo in caserma in tre: Paolino Vegro, Bizzo ed io, poco dopo, in ordine sparso, Mauro Cova, Aldo Rao, Marco Varini, Luciano Mellia ed infine Luciano Oldano: camerata al completo.<br />
Bei tempi “RAGAZZI”!&nbsp; W l’88°.</p>
<p>Paolo Francone<br />
Ricordo benissimo quel giorno: giovane, “grezzo” e timido. Era forse la prima volta che mi affacciavo alla vita. Quanti amici ho trovato e che rivedo molto volentieri.<br />
Ho parlato spesso alle mie figlie di quell’esperienza e sono orgoglioso di averla fatta.<br />
Un abbraccio a tutti voi.</p>
<p>Gianni Forno<br />
Io sono arrivato il 18 luglio, perchè c’è qualcuno che ha rinunciato.<br />
Saluti a tutti.</p>
<p>Luigi Gentili<br />
Io ed Enzo De Biasi aspettammo le 23 per assaporare gli ultimi istanti di vita civile.</p>
<p>Ivo Berniga<br />
&#8230; all&#8217;epoca avevo 20 anni e per me si apriva un mondo nuovo.&nbsp;Ringrazio tutti voi per avermi dato la possibilità di vivere una indimenticabile esperienza alla Smalp.<br />
Mai tardi.</p>
<p>Alessandro Antuzzi<br />
Avevo 22 anni e sono arrivato ad Aosta con Mino Rancan, conosciuto in treno, ed anche noi due abbiamo aspettato l&#8217;ultimo minuto per entrare alla Cesare Battisti.</p>
<p>Lorenzo Tiraboschi<br />
Io sono arrivato alla Smalp il 15 luglio, un mese esatto prima di compiere 27 anni. Ricordo che viaggiai con Maurizio Gladiali con cui fraternizzai subito. Ero ormai un uomo fatto che già lavorava e mi domandavo cosa ci facessi io che allevavo maiali in Abruzzo in quel posto. Da lì è partito il periodo più scanzonato e forse il più bello della mia vita. Adesso che sono vecio e prigioniero del mio corpo per un male che mi affligge da 7 anni, ringrazio Dio per essere un ALPINO, il che mi consente di affrontare la cattiva sorte con calma e la serenità di chi sa che non &#8220;muore neanche se lo ammazzano&#8221;.<br />
Vi stringo in un abbraccio fraterno tutti.</p>
